, what is -10 + -10012?
-10022
In base 12, what is 1 - 26b?
-26a
In base 2, what is 100 + 100100001111?
100100010011
In base 7, what is -420 + 4?
-413
In base 7, what is 205 + -4?
201
In base 4, what is -3222 + 10?
-3212
In base 12, what is -1491 - -5?
-1488
In base 3, what is 1102 - -2?
1111
In base 6, what is 120 + 134?
254
In base 14, what is -c8 - 20?
-108
In base 3, what is 12 - -11120211?
11121000
In base 4, what is -10030 - -3?
-10021
In base 2, what is 111 - -11101110000?
11101110111
In base 2, what is -1 - 1001011000?
-1001011001
In base 8, what is 30 - -1100?
1130
In base 7, what is 31 - -5?
36
In base 3, what is -12 + 21100211?
21100122
In base 7, what is 2 - 4251?
-4246
In base 11, what is 4 + 7a?
83
In base 9, what is -228 + 7?
-221
In base 9, what is 5 - 2582?
-2576
In base 12, what is -339 - 8?
-345
In base 9, what is -15 - -3?
-12
In base 8, what is -201 + 6?
-173
In base 2, what is -11 + 10001?
1110
In base 7, what is 4 + 64?
101
In base 3, what is 11010 + 112?
11122
In base 12, what is 637b - -4?
6383
In base 10, what is 426 + -7?
419
In base 2, what is -1010111 - 11?
-1011010
In base 11, what is -4 + 79?
75
In base 7, what is 0 - -16?
16
In base 12, what is 0 + 122?
122
In base 15, what is 4 - -b?
10
In base 9, what is 0 + -58?
-58
In base 10, what is -5 - -3615?
3610
In base 16, what is 143 + -1?
142
In base 10, what is -220 - 4?
-224
In base 8, what is -44 - -67?
23
In base 6, what is -2 + -400?
-402
In base 3, what is -1221 + 1201?
-20
In base 12, what is -43 + 7?
-38
In base 2, what is -101110 + 100?
-101010
In base 16, what is -5 + -8?
-d
In base 16, what is 27 + -22?
5
In base 7, what is 343 - 2?
341
In base 3, what is -1122 - -2?
-1120
In base 11, what is -3a9 - 3?
-401
In base 14, what is -6ab + 4?
-6a7
In base 11, what is 2 - 20?
-19
In base 14, what is -3d + 10?
-2d
In base 16, what is 6 + 25?
2b
In base 2, what is -110 + 11100101?
11011111
In base 9, what is -5 + 8?
3
In base 7, what is -62 + 15?
-44
In base 8, what is 5 + -217?
-212
In base 2, what is -11111000 + -100?
-11111100
In base 9, what is -7 + -15?
-23
In base 10, what is 101 - -3?
104
In base 10, what is -5 + 1183?
1178
In base 16, what is 5 + -2b?
-26
In base 16, what is 437 - -7?
43e
In base 14, what is d64 + 1?
d65
In base 16, what is -3 - c?
-f
In base 13, what is 1b6 + 10?
1c6
In base 16, what is -50 - 74?
-c4
In base 13, what is -12 + -22?
-34
In base 14, what is -5 + 16c?
167
In base 3, what is 11 + 10200?
10211
In base 12, what is 0 + -72?
-72
In base 7, what is -30 + 3616?
3556
In base 9, what is -52 - 10?
-62
In base 5, what is 2 - -20032?
20034
In base 14, what is 11 + 26?
37
In base 13, what is -5 - 61?
-66
In base 7, what is -5 + 51?
43
In base 5, what is 10 - 1?
4
In base 5, what is 10 + -24444?
-24434
In base 14, what is 3d - -5?
44
In base 12, what is -385 + 5?
-380
In base 11, what is 1 + 31?
32
In base 13, what is 2 + -4ac?
-4aa
In base 11, what is 439 + 6?
444
In base 13, what is -5 - -751?
749
In base 9, what is 281 + -4?
276
In base 10, what is -50 - 7?
-57
In base 13, what is -236 + -3?
-239
In base 15, what is 1ee - 9?
1e5
In base 7, what is -135401 + -5?
-135406
In base 8, what is -231 - 16?
-247
In base 3, what is 0 + -202101?
-202101
In base 15, what is 5 - 12?
-c
In base 12, what is 4307 + 1?
4308
In base 12, what is -5 + -1b1?
-1b6
In base 13, what is 15 - c?
6
In base 3, what is 11212110 + -1?
11212102
In base 2, what is -11 - 1101111?
-1110010
In base 3, what is 21 - 1122?
-1101
In base 12, what is 0 - -355?
355
In base 14, what is -5 + 14?
d
In base 3, what is -211 + -1?
-212
In base 9, what is -30 - -23?
-6
In base 10, what is -66 + 2?
-64
In base 13, what is -3 - -35c?
359
In base 13, what is -319 + -4?
-320
In base 14, what is a + -23?
-17
In base 2, what is -101011111111 - -11?
-101011111100
In base 10, what is 450 + -1?
449
In base 7, what is -3 - -44?
41
In base 11, what is 2333 + -3?
2330
In base 14, what is -52 - -8?
-48
In base 12, what is -2 + -114?
-116
In base 6, what is -3 - 145?
-152
In base 11, what is 3 + 703?
706
In base 3, what is -11021 - 110?
-11201
In base 14, what is -3 + 31?
2c
In base 13, what is -5 + 17?
12
In base 2, what is 10111 - 101?
10010
In base 9, what is 17 - 1082?
-1064
In base 16, what is 5 + 6c6?
6cb
In base 9, what is 41 - 32?
8
In base 7, what is -162 + 1?
-161
In base 15, what is -665 - -2?
-663
In base 11, what is 44 - -28?
71
In base 7, what is 145 + 10?
155
In base 2, what is -10011010011 - -1?
-10011010010
In base 11, what is -3a5 + 5?
-3a0
In base 15, what is 5 - -4c3?
4c8
In base 2, what is -10 + 110010110?
110010100
In base 6, what is -3 - 153?
-200
In base 12, what is -5 - -208?
203
In base 9, what is 32176 - -5?
32182
In base 3, what is -22221212 - -12?
-22221200
In base 2, what is 1 + -100100?
-100011
In base 12, what is 7 - 82?
-77
In base 11, what is 4 - -681?
685
In base 5, what is -33104 - 0?
-33104
In base 12, what is 5 - -436?
43b
In base 16, what is -1 - -a36?
a35
In base 15, what is 3 + 602?
605
In base 11, what is 2 + -85a?
-858
In base 6, what is 31 - 4?
23
In base 2, what is 100 + 10?
110
In base 16, what is -fc - -4?
-f8
In base 13, what is -7cb0 + -1?
-7cb1
In base 15, what is -8cb - -4?
-8c7
In base 10, what is -192 - -10?
-182
In base 2, what is -111010111111 + 11?
-111010111100
In base 10, what is 4 - -66?
70
In base 7, what is -326 + 2?
-324
In base 14, what is -51 - 28?
-79
In base 12, what is 1 - -8b0?
8b1
In base 8, what is 363 + -5?
356
In base 9, what is 161 - 1?
160
In base 3, what is -2 + -2102?
-2111
In base 6, what is -533 + 0?
-533
In base 5, what is 2121 + -3?
2113
In base 11, what is -23 + 8a?
67
In base 5, what is -101 - -1103?
1002
In base 11, what is -66 - 80?
-136
In base 4, what is -3 - -3010?
3001
In base 5, what is 3 - -133?
141
In base 11, what is 7 - -215?
221
In base 11, what is -123 + 7?
-117
In base 16, what is -3 - -6f?
6c
In base 15, what is 4 - 1011?
-100c
In base 9, what is 2 + 235?
237
In base 2, what is -1 + -10101001?
-10101010
In base 16, what is -13 + 3c?
29
In base 13, what is 1 + -339?
-338
In base 2, what is 101100 + 101?
110001
In base 13, what is 3 + -33?
-30
In base 16, what is 2 - -bc?
be
In base 9, what is 1 - 206?
-205
In base 10, what is 9 + 60?
69
In base 3, what is -1010 - -20020?
12010
In base 2, what is 10 + -111010110111?
-111010110101
In base 16, what is 187 + -2?
185
In base 2, what is -110010100010 - 11?
-110010100101
In base 16, what is a6 + 3?
a9
In base 12, what is -8 + -9?
-15
In base 15, what is -5 - -70d?
708
In base 11, what is -88 + a3?
16
In base 11, what is 33 - -161?
194
In base 10, what is 469 - -7?
476
In base 2, what is 0 + 111000?
111000
In base 6, what is -4 - 1350?
-1354
In base 3, what is -10010 - -12?
-2221
In base 3, what is 22110220 - 11?
22110202
In base 12, what is 10 + -12?
-2
In base 11, what is 2 + 37?
39
In base 5, what is -1111 - -21?
-1040
In base 14, what is -3 - -106d?
106a
In base 8, what is -5 - 150?
-155
In base 10, what is -1 - 72?
-73
In base 9, what is 2142 + 3?
2145
In base 5, what is 134 + -10?
124
In base 15, what is -1d - -65?
47
In base 8, what is -1 + -704?
-705
In base 16, what is 35a + -2?
358
In base 16, what is -2 - 161?
-163
In base 13, what is -81 + 6c?
-12
In base 4, what is 3002 + 10?
3012
In base 4, what is 10 + -12203?
-12133
In base 7, what is -402 - 4?
-406
In base 15, what is 12 + -2?
10
In base 8, what is 107 + -7?
100
In base 15, what is 12 - -717?
729
In base 2, what is 101001110 - -1?
101001111
In base 2, what is 1000 + -1011101?
-1010101
In base 16, what is -d18 - -3?
-d15
In base 15, what is -2 - 216?
-218
In base 3, what is 22202 + 12?
22221
In base 4, what is -10 - 131?
-201
In base 6, what is 43034 - -5?
43043
In base 8, what is -1407 + -5?
-1414
In base 5, what is -2 + -110?
-112
In base 11, what is 117 + -1?
116
In base 11, what is 3 + -33?
-30
In base 11, what is -100a8 + 5?
-100a3
In base 13, what is 4 + 334?
338
In base 12, what is -70 - -3?
-69
In base 5, what is 1 - -4110?
4111
In base 11, what is 5 + -1a?
-15
In base 4, what is 1 - 10?
-3
In base 12, what is b + 49?
58
In base 11, what is -447 + 2?
-445
In base 4, what is 1 + -121?
-120
In base 16, what is 25 - -10d?
132
In base 7, what is -1155 - -4?
-1151
In base 16, what is -2a